{"version":"1.0","provider_name":"Temps Barcelona","provider_url":"https:\/\/www.tempsbarcelona.com\/ca\/","author_name":"Viajero","author_url":"https:\/\/www.tempsbarcelona.com\/ca\/author\/enjoy\/","title":"Descobrint Porto: Vi, Arquitectura i Tradici\u00f3 - Temps Barcelona","type":"rich","width":600,"height":338,"html":"<blockquote class=\"wp-embedded-content\" data-secret=\"j2RYfjFDQe\"><a href=\"https:\/\/www.tempsbarcelona.com\/ca\/descobrint-porto-vi-arquitectura-i-tradicio\/\">Descobrint Porto: Vi, Arquitectura i Tradici\u00f3<\/a><\/blockquote><iframe sandbox=\"allow-scripts\" security=\"restricted\" src=\"https:\/\/www.tempsbarcelona.com\/ca\/descobrint-porto-vi-arquitectura-i-tradicio\/embed\/#?secret=j2RYfjFDQe\" width=\"600\" height=\"338\" title=\"&#8220;Descobrint Porto: Vi, Arquitectura i Tradici\u00f3&#8221; &#8212; Temps Barcelona\" data-secret=\"j2RYfjFDQe\" frameborder=\"0\" marginwidth=\"0\" marginheight=\"0\" scrolling=\"no\" class=\"wp-embedded-content\"><\/iframe><script type=\"text\/javascript\">\n\/* <![CDATA[ *\/\n\/*! This file is auto-generated *\/\n!function(d,l){\"use strict\";l.querySelector&&d.addEventListener&&\"undefined\"!=typeof URL&&(d.wp=d.wp||{},d.wp.receiveEmbedMessage||(d.wp.receiveEmbedMessage=function(e){var t=e.data;if((t||t.secret||t.message||t.value)&&!\/[^a-zA-Z0-9]\/.test(t.secret)){for(var s,r,n,a=l.querySelectorAll('iframe[data-secret=\"'+t.secret+'\"]'),o=l.querySelectorAll('blockquote[data-secret=\"'+t.secret+'\"]'),c=new RegExp(\"^https?:$\",\"i\"),i=0;i<o.length;i++)o[i].style.display=\"none\";for(i=0;i<a.length;i++)s=a[i],e.source===s.contentWindow&&(s.removeAttribute(\"style\"),\"height\"===t.message?(1e3<(r=parseInt(t.value,10))?r=1e3:~~r<200&&(r=200),s.height=r):\"link\"===t.message&&(r=new URL(s.getAttribute(\"src\")),n=new URL(t.value),c.test(n.protocol))&&n.host===r.host&&l.activeElement===s&&(d.top.location.href=t.value))}},d.addEventListener(\"message\",d.wp.receiveEmbedMessage,!1),l.addEventListener(\"DOMContentLoaded\",function(){for(var e,t,s=l.querySelectorAll(\"iframe.wp-embedded-content\"),r=0;r<s.length;r++)(t=(e=s[r]).getAttribute(\"data-secret\"))||(t=Math.random().toString(36).substring(2,12),e.src+=\"#?secret=\"+t,e.setAttribute(\"data-secret\",t)),e.contentWindow.postMessage({message:\"ready\",secret:t},\"*\")},!1)))}(window,document);\n\/\/# sourceURL=https:\/\/www.tempsbarcelona.com\/wp-includes\/js\/wp-embed.min.js\n\/* ]]> *\/\n<\/script>\n","thumbnail_url":"https:\/\/www.tempsbarcelona.com\/wp-content\/uploads\/2024\/03\/porto.jpg","thumbnail_width":1600,"thumbnail_height":1067,"description":"Situada al llarg del sinu\u00f3s riu Douro, Porto es converteix en un testimoni de la rica hist\u00f2ria de Portugal, fusionant tradicions centen\u00e0ries amb una arquitectura impressionant i, per descomptat, el mundialment conegut Vinho do Porto. Acompanyeu-nos en un viatge per aquesta ciutat encantadora, on cada carrer empedrat conta una hist\u00f2ria i cada glop de vi [&hellip;]"}

Descobrint Porto: Vi, Arquitectura i Tradició - Temps Barcelona

<blockquote class="wp-embedded-content" data-secret="j2RYfjFDQe"><a href="https://www.tempsbarcelona.com/ca/descobrint-porto-vi-arquitectura-i-tradicio/">Descobrint Porto: Vi, Arquitectura i Tradició</a></blockquote><iframe sandbox="allow-scripts" security="restricted" src="https://www.tempsbarcelona.com/ca/descobrint-porto-vi-arquitectura-i-tradicio/embed/#?secret=j2RYfjFDQe" width="600" height="338" title="&#8220;Descobrint Porto: Vi, Arquitectura i Tradició&#8221; &#8212; Temps Barcelona" data-secret="j2RYfjFDQe" frameborder="0" marginwidth="0" marginheight="0" scrolling="no" class="wp-embedded-content"></iframe><script type="text/javascript">
/* <![CDATA[ */
/*! This file is auto-generated */
!function(d,l){"use strict";l.querySelector&&d.addEventListener&&"undefined"!=typeof URL&&(d.wp=d.wp||{},d.wp.receiveEmbedMessage||(d.wp.receiveEmbedMessage=function(e){var t=e.data;if((t||t.secret||t.message||t.value)&&!/[^a-zA-Z0-9]/.test(t.secret)){for(var s,r,n,a=l.querySelectorAll('iframe[data-secret="'+t.secret+'"]'),o=l.querySelectorAll('blockquote[data-secret="'+t.secret+'"]'),c=new RegExp("^https?:$","i"),i=0;i<o.length;i++)o[i].style.display="none";for(i=0;i<a.length;i++)s=a[i],e.source===s.contentWindow&&(s.removeAttribute("style"),"height"===t.message?(1e3<(r=parseInt(t.value,10))?r=1e3:~~r<200&&(r=200),s.height=r):"link"===t.message&&(r=new URL(s.getAttribute("src")),n=new URL(t.value),c.test(n.protocol))&&n.host===r.host&&l.activeElement===s&&(d.top.location.href=t.value))}},d.addEventListener("message",d.wp.receiveEmbedMessage,!1),l.addEventListener("DOMContentLoaded",function(){for(var e,t,s=l.querySelectorAll("iframe.wp-embedded-content"),r=0;r<s.length;r++)(t=(e=s[r]).getAttribute("data-secret"))||(t=Math.random().toString(36).substring(2,12),e.src+="#?secret="+t,e.setAttribute("data-secret",t)),e.contentWindow.postMessage({message:"ready",secret:t},"*")},!1)))}(window,document);
//# sourceURL=https://www.tempsbarcelona.com/wp-includes/js/wp-embed.min.js
/* ]]> */
</script>

Situada al llarg del sinuós riu Douro, Porto es converteix en un testimoni de la rica història de Portugal, fusionant tradicions centenàries amb una arquitectura impressionant i, per descomptat, el mundialment conegut Vinho do Porto. Acompanyeu-nos en un viatge per aquesta ciutat encantadora, on cada carrer empedrat conta una història i cada glop de vi [&hellip;]
